{"id":6,"date":"2017-01-03T10:14:32","date_gmt":"2017-01-03T10:14:32","guid":{"rendered":"http:\/\/motors.stylemixthemes.com\/?page_id=5"},"modified":"2025-08-22T08:00:49","modified_gmt":"2025-08-22T08:00:49","slug":"home-page-2","status":"publish","type":"page","link":"https:\/\/banjaluka-rentacar.com\/de\/","title":{"rendered":"Banja Luka Rent a Car"},"content":{"rendered":"<p>[vc_row full_width=&#8220;stretch_row&#8220; css_animation=&#8220;flipInY&#8220; css=&#8220;.vc_custom_1676409585772{padding-top: 36px !important;padding-bottom: 36px !important;background: #e5e5e5 url(https:\/\/banjaluka-rentacar.com\/wp-content\/uploads\/2023\/02\/transport_exchange-driving-license.jpg?id=1419) !important;background-position: center !important;background-repeat: no-repeat !important;background-size: cover !important;}&#8220; el_class=&#8220;stm-background-centered&#8220;][vc_column width=&#8220;1\/2&#8243;][\/vc_column][vc_column width=&#8220;1\/2&#8243;][stm_rent_car_form][\/vc_column][\/vc_row][vc_row css=&#8220;.vc_custom_1484196732635{margin-bottom: 47px !important;}&#8220;][vc_column][vc_custom_heading text=&#8220;WARUM UNS W\u00c4HLEN?&#8220; font_container=&#8220;tag:h2|font_size:30px|text_align:center|color:%23273f44|line_height:50px&#8220; use_theme_fonts=&#8220;yes&#8220; css=&#8220;.vc_custom_1632844262089{margin-bottom: 53px !important;}&#8220;][vc_row_inner][vc_column_inner width=&#8220;1\/3&#8243;][stm_icon_box title_holder=&#8220;h4&#8243; icon=&#8220;stm-icon-car-relic&#8220; title=&#8220;Autovermietungen&#8220; icon_bg_color=&#8220;#4a6982&#8243; icon_color=&#8220;#ffffff&#8220; box_bg_color=&#8220;#ffffff&#8220; css=&#8220;.vc_custom_1664698631411{padding-top: 0px !important;padding-right: 0px !important;padding-bottom: 0px !important;padding-left: 0px !important;}&#8220; icon_size=&#8220;24&#8243; box_text_color=&#8220;#888888&#8243; box_text_color_hover=&#8220;#6e6e6e&#8220; line_height=&#8220;20&#8243;]<\/p>\n<p id=\"m_-8289786322076436178tw-target-text\" dir=\"ltr\"><strong><span lang=\"de\">Das bedeutet, ein Fahrzeug f\u00fcr bis zu 30 Tage oder l\u00e4nger zu mieten. Alle Fahrzeuge sind komplett ausgestattet und verf\u00fcgen \u00fcber einen hohen Komfort.<\/span><\/strong><\/p>\n<p>[\/stm_icon_box][stm_icon_box title_holder=&#8220;h4&#8243; icon=&#8220;fas fa-baby-carriage&#8220; title=&#8220;Ausr\u00fcstung f\u00fcr Kinder&#8220; icon_bg_color=&#8220;#4a6982&#8243; icon_color=&#8220;#ffffff&#8220; box_bg_color=&#8220;#ffffff&#8220; css=&#8220;.vc_custom_1664698645235{padding-top: 0px !important;padding-right: 0px !important;padding-bottom: 0px !important;padding-left: 0px !important;}&#8220; icon_size=&#8220;24&#8243; box_text_color=&#8220;#888888&#8243; box_text_color_hover=&#8220;#6e6e6e&#8220; line_height=&#8220;20&#8243;]<\/p>\n<p id=\"m_-8289786322076436178tw-target-text\" dir=\"ltr\"><span lang=\"de\">Bei Bedarf besteht die M\u00f6glichkeit, Ausr\u00fcstung f\u00fcr Kinder auszuleihen (Sitze)<\/span><\/p>\n<p style=\"line-height: 20px;\"><strong>\u00a0<\/strong><\/p>\n<p>[\/stm_icon_box][\/vc_column_inner][vc_column_inner width=&#8220;1\/3&#8243;][stm_icon_box title_holder=&#8220;h4&#8243; icon=&#8220;stm-icon-calendar&#8220; title=&#8220;Langzeitmiete&#8220; icon_bg_color=&#8220;#4a6982&#8243; icon_color=&#8220;#ffffff&#8220; box_bg_color=&#8220;#ffffff&#8220; css=&#8220;.vc_custom_1664698658087{padding-top: 0px !important;padding-right: 0px !important;padding-bottom: 0px !important;padding-left: 0px !important;}&#8220; icon_size=&#8220;24&#8243; box_text_color=&#8220;#888888&#8243; box_text_color_hover=&#8220;#6e6e6e&#8220; line_height=&#8220;20&#8243;]<\/p>\n<p id=\"m_-8289786322076436178tw-target-text\" dir=\"ltr\"><strong><span lang=\"de\">Langzeit mieten bedeutet, ein gemietetes Fahrzeug l\u00e4nger als 30 Tage zu nutzen \u2013 mehrere Monate oder Jahre. Sonderkonditionen bei Langzeitmiete.<\/span><\/strong><\/p>\n<p>[\/stm_icon_box][stm_icon_box title_holder=&#8220;h4&#8243; icon=&#8220;stm-icon-transmission&#8220; title=&#8220;Schalt-\/Automatikgetriebe&#8220; icon_bg_color=&#8220;#4a6982&#8243; icon_color=&#8220;#ffffff&#8220; box_bg_color=&#8220;#ffffff&#8220; css=&#8220;.vc_custom_1664698671740{padding-top: 0px !important;padding-right: 0px !important;padding-bottom: 0px !important;padding-left: 0px !important;}&#8220; icon_size=&#8220;24&#8243; box_text_color=&#8220;#888888&#8243; box_text_color_hover=&#8220;#6e6e6e&#8220; line_height=&#8220;20&#8243;]<\/p>\n<p id=\"m_-8289786322076436178tw-target-text\" dir=\"ltr\"><span lang=\"de\">Autos haben je nach Fahrzeugkategorie ein Schalt- oder Automatikgetriebe.<\/span><\/p>\n<p>[\/stm_icon_box][\/vc_column_inner][vc_column_inner width=&#8220;1\/3&#8243;][stm_icon_box title_holder=&#8220;h4&#8243; icon=&#8220;stm-icon-steering_wheel&#8220; title=&#8220;Fahrer &#8211; Transfer&#8220; icon_bg_color=&#8220;#4a6982&#8243; icon_color=&#8220;#ffffff&#8220; box_bg_color=&#8220;#ffffff&#8220; css=&#8220;.vc_custom_1664698683662{padding-top: 0px !important;padding-right: 0px !important;padding-bottom: 0px !important;padding-left: 0px !important;}&#8220; icon_size=&#8220;24&#8243; box_text_color=&#8220;#888888&#8243; box_text_color_hover=&#8220;#6e6e6e&#8220; line_height=&#8220;20&#8243;]<\/p>\n<p id=\"m_-8289786322076436178tw-target-text\" dir=\"ltr\"><strong><span lang=\"de\">Wir bieten: Transfers vom und zum Flughafen sowie zu jedem Ort in BiH.<\/span><\/strong><\/p>\n<p>[\/stm_icon_box][stm_icon_box title_holder=&#8220;h4&#8243; icon=&#8220;stm-icon-ico_mag_reviews&#8220; title=&#8220;7 Tage die Woche Unterst\u00fctzung&#8220; icon_bg_color=&#8220;#4a6982&#8243; icon_color=&#8220;#ffffff&#8220; box_bg_color=&#8220;#ffffff&#8220; css=&#8220;.vc_custom_1664698695376{padding-top: 0px !important;padding-right: 0px !important;padding-bottom: 0px !important;padding-left: 0px !important;}&#8220; icon_size=&#8220;24&#8243; box_text_color=&#8220;#888888&#8243; box_text_color_hover=&#8220;#6e6e6e&#8220; line_height=&#8220;20&#8243;]<\/p>\n<p id=\"m_-8289786322076436178tw-target-text\" dir=\"ltr\"><span lang=\"de\">Wir stehen Ihnen t\u00e4glich f\u00fcr alle Ihre Fragen zur Verf\u00fcgung.<\/span><\/p>\n<p>[\/stm_icon_box][\/vc_column_inner][\/vc_row_inner][\/vc_column][\/vc_row][vc_row full_width=&#8220;stretch_row&#8220; equal_height=&#8220;yes&#8220; css=&#8220;.vc_custom_1664698884186{background-color: #4a6982 !important;}&#8220;][vc_column width=&#8220;1\/2&#8243; css=&#8220;.vc_custom_1484197311087{padding-top: 51px !important;padding-bottom: 77px !important;}&#8220;][vc_custom_heading text=&#8220;Wir sind f\u00fcr Sie da&#8220; font_container=&#8220;tag:h3|font_size:30px|text_align:left|color:%23ffffff|line_height:30px&#8220; use_theme_fonts=&#8220;yes&#8220; css=&#8220;.vc_custom_1632854352190{margin-bottom: 38px !important;}&#8220;][vc_column_text css=&#8220;.vc_custom_1754601190602{margin-bottom: 31px !important;}&#8220;]<span style=\"color: #ffffff; font-size: 14px; line-height: 24px; letter-spacing: 0.5px;\">Alle Fahrzeuge sind mit Klimaanlage, Radio-CD-Player, Airbag und ABS ausgestattet. Bei Anmietung \u00fcber einen l\u00e4ngeren Zeitraum oder mehrere Fahrzeuge bieten wir besondere Vorteile.<br \/>\n<\/span>[\/vc_column_text][stm_icon_button icon=&#8220;stm-icon-ico_mag_reviews&#8220; box_bg_color=&#8220;#f0c540&#8243; box_text_color=&#8220;#ffffff&#8220; link=&#8220;url:https%3A%2F%2Fbanjaluka-rentacar.com%2Fabout-us%2F|title:%C3%9Cber%20uns||&#8220;][\/vc_column][\/vc_row][vc_row el_class=&#8220;stm-fullwidth-with-parallax&#8220; css=&#8220;.vc_custom_1664698844437{padding-bottom: 51px !important;}&#8220;][vc_column][vc_custom_heading text=&#8220;Einige unserer Fahrzeuge&#8220; font_container=&#8220;tag:h2|font_size:30px|text_align:center|color:%23ffffff|line_height:50px&#8220; use_theme_fonts=&#8220;yes&#8220; css=&#8220;.vc_custom_1632868419403{margin-top: 68px !important;margin-bottom: 51px !important;}&#8220;][stm_car_class_grid posts_per_page=&#8220;6&#8243;][\/vc_column][\/vc_row][vc_row full_width=&#8220;stretch_row&#8220; css=&#8220;.vc_custom_1664698987310{background-color: #f0c540 !important;}&#8220;][vc_column][stm_call_to_action_2 cta_icon=&#8220;stm-icon-author&#8220; call_to_action_icon_right=&#8220;stm-icon-phone2&#8243; call_to_action_color=&#8220;#f0c540&#8243; call_to_action_text_color=&#8220;#273f44&#8243; call_to_action_label_right=&#8220;+387 65 888 787&#8243; css=&#8220;.vc_custom_1754644988955{padding-right: 0px !important;padding-left: 0px !important;}&#8220; link=&#8220;url:https%3A%2F%2Fbanjaluka-rentacar.com%2Fcontact-us%2F|title:Schreiben%20Sie%20uns||&#8220; call_to_action_label=&#8220;KONTAKTIEREN SIE UNS &#8230;&#8220;][\/vc_column][\/vc_row][vc_row full_width=&#8220;stretch_row_content_no_spaces&#8220;][vc_column][vc_raw_html]JTNDaWZyYW1lJTIwc3JjJTNEJTIyaHR0cHMlM0ElMkYlMkZ3d3cuZ29vZ2xlLmNvbSUyRm1hcHMlMkZlbWJlZCUzRnBiJTNEJTIxMW0xOCUyMTFtMTIlMjExbTMlMjExZDI4MzIuNzQ2MTA1NzUzNTA3JTIxMmQxNy4xODAzOTc5MTU0ODU3OSUyMTNkNDQuNzY1NTkyNDc5MDk4OTg0JTIxMm0zJTIxMWYwJTIxMmYwJTIxM2YwJTIxM20yJTIxMWkxMDI0JTIxMmk3NjglMjE0ZjEzLjElMjEzbTMlMjExbTIlMjExczB4NDc1ZTAzMjFhNDNhODFmMSUyNTNBMHhmNDMwNjhlOTkyMzYzYmE3JTIxMnowSnJSZ05DdzBablFzQ0RRbmRDNDBMclF2dEM3MExVZ01USXNJTkNSMExEUm10Q3dJTkNiMFlQUXV0Q3dJRGM0TURBd0xDRFFrZEMtMFlIUXZkQ3dJTkM0SU5DbDBMWFJnTkdHMExYUXM5Qy0wTExRdU5DOTBMQSUyMTVlMCUyMTNtMiUyMTFzc3IlMjEyc2ZyJTIxNHYxNjMyNDA1MDEzMjMxJTIxNW0yJTIxMXNzciUyMTJzZnIlMjIlMjB3aWR0aCUzRCUyMjEwMCUyNSUyMiUyMGhlaWdodCUzRCUyMjQ1MCUyMiUyMHN0eWxlJTNEJTIyYm9yZGVyJTNBMCUzQiUyMiUyMGFsbG93ZnVsbHNjcmVlbiUzRCUyMiUyMiUyMGxvYWRpbmclM0QlMjJsYXp5JTIyJTNFJTNDJTJGaWZyYW1lJTNF[\/vc_raw_html][\/vc_column][\/vc_row]<\/p>","protected":false},"excerpt":{"rendered":"<p>[vc_row full_width=&#8220;stretch_row&#8220; css_animation=&#8220;flipInY&#8220; css=&#8220;.vc_custom_1676409585772{padding-top: 36px !important;padding-bottom: 36px !important;background: #e5e5e5 url(https:\/\/banjaluka-rentacar.com\/wp-content\/uploads\/2023\/02\/transport_exchange-driving-license.jpg?id=1419) !important;background-position: center !important;background-repeat: no-repeat !important;background-size: cover !important;}&#8220; el_class=&#8220;stm-background-centered&#8220;][vc_column width=&#8220;1\/2&#8243;][\/vc_column][vc_column width=&#8220;1\/2&#8243;][stm_rent_car_form][\/vc_column][\/vc_row][vc_row css=&#8220;.vc_custom_1484196732635{margin-bottom: 47px !important;}&#8220;][vc_column][vc_custom_heading text=&#8220;WARUM UNS W\u00c4HLEN?&#8220; font_container=&#8220;tag:h2|font_size:30px|text_align:center|color:%23273f44|line_height:50px&#8220; use_theme_fonts=&#8220;yes&#8220; css=&#8220;.vc_custom_1632844262089{margin-bottom: 53px !important;}&#8220;][vc_row_inner][vc_column_inner width=&#8220;1\/3&#8243;][stm_icon_box title_holder=&#8220;h4&#8243; icon=&#8220;stm-icon-car-relic&#8220; title=&#8220;Autovermietungen&#8220; icon_bg_color=&#8220;#4a6982&#8243; icon_color=&#8220;#ffffff&#8220; box_bg_color=&#8220;#ffffff&#8220; css=&#8220;.vc_custom_1664698631411{padding-top: 0px !important;padding-right: 0px !important;padding-bottom: 0px !important;padding-left: 0px !important;}&#8220; icon_size=&#8220;24&#8243; box_text_color=&#8220;#888888&#8243; box_text_color_hover=&#8220;#6e6e6e&#8220; line_height=&#8220;20&#8243;] Das bedeutet, ein Fahrzeug&#8230;<\/p>\n","protected":false},"author":5,"featured_media":0,"parent":0,"menu_order":0,"comment_status":"closed","ping_status":"closed","template":"","meta":{"footnotes":""},"class_list":["post-6","page","type-page","status-publish","hentry"],"_links":{"self":[{"href":"https:\/\/banjaluka-rentacar.com\/de\/wp-json\/wp\/v2\/pages\/6","targetHints":{"allow":["GET"]}}],"collection":[{"href":"https:\/\/banjaluka-rentacar.com\/de\/wp-json\/wp\/v2\/pages"}],"about":[{"href":"https:\/\/banjaluka-rentacar.com\/de\/wp-json\/wp\/v2\/types\/page"}],"author":[{"embeddable":true,"href":"https:\/\/banjaluka-rentacar.com\/de\/wp-json\/wp\/v2\/users\/5"}],"replies":[{"embeddable":true,"href":"https:\/\/banjaluka-rentacar.com\/de\/wp-json\/wp\/v2\/comments?post=6"}],"version-history":[{"count":145,"href":"https:\/\/banjaluka-rentacar.com\/de\/wp-json\/wp\/v2\/pages\/6\/revisions"}],"predecessor-version":[{"id":2481,"href":"https:\/\/banjaluka-rentacar.com\/de\/wp-json\/wp\/v2\/pages\/6\/revisions\/2481"}],"wp:attachment":[{"href":"https:\/\/banjaluka-rentacar.com\/de\/wp-json\/wp\/v2\/media?parent=6"}],"curies":[{"name":"wp","href":"https:\/\/api.w.org\/{rel}","templated":true}]}}

<p>[vc_row full_width=&#8220;stretch_row&#8220; css_animation=&#8220;flipInY&#8220; css=&#8220;.vc_custom_1676409585772{padding-top: 36px !important;padding-bottom: 36px !important;background: #e5e5e5 url(https://banjaluka-rentacar.com/wp-content/uploads/2023/02/transport_exchange-driving-license.jpg?id=1419) !important;background-position: center !important;background-repeat: no-repeat !important;background-size: cover !important;}&#8220; el_class=&#8220;stm-background-centered&#8220;][vc_column width=&#8220;1/2&#8243;][/vc_column][vc_column width=&#8220;1/2&#8243;][stm_rent_car_form][/vc_column][/vc_row][vc_row css=&#8220;.vc_custom_1484196732635{margin-bottom: 47px !important;}&#8220;][vc_column][vc_custom_heading text=&#8220;WARUM UNS WÄHLEN?&#8220; font_container=&#8220;tag:h2|font_size:30px|text_align:center|color:%23273f44|line_height:50px&#8220; use_theme_fonts=&#8220;yes&#8220; css=&#8220;.vc_custom_1632844262089{margin-bottom: 53px !important;}&#8220;][vc_row_inner][vc_column_inner width=&#8220;1/3&#8243;][stm_icon_box title_holder=&#8220;h4&#8243; icon=&#8220;stm-icon-car-relic&#8220; title=&#8220;Autovermietungen&#8220; icon_bg_color=&#8220;#4a6982&#8243; icon_color=&#8220;#ffffff&#8220; box_bg_color=&#8220;#ffffff&#8220; css=&#8220;.vc_custom_1664698631411{padding-top: 0px !important;padding-right: 0px !important;padding-bottom: 0px !important;padding-left: 0px !important;}&#8220; icon_size=&#8220;24&#8243; box_text_color=&#8220;#888888&#8243; box_text_color_hover=&#8220;#6e6e6e&#8220; line_height=&#8220;20&#8243;]</p>
<p id="m_-8289786322076436178tw-target-text" dir="ltr"><strong><span lang="de">Das bedeutet, ein Fahrzeug für bis zu 30 Tage oder länger zu mieten. Alle Fahrzeuge sind komplett ausgestattet und verfügen über einen hohen Komfort.</span></strong></p>
<p>[/stm_icon_box][stm_icon_box title_holder=&#8220;h4&#8243; icon=&#8220;fas fa-baby-carriage&#8220; title=&#8220;Ausrüstung für Kinder&#8220; icon_bg_color=&#8220;#4a6982&#8243; icon_color=&#8220;#ffffff&#8220; box_bg_color=&#8220;#ffffff&#8220; css=&#8220;.vc_custom_1664698645235{padding-top: 0px !important;padding-right: 0px !important;padding-bottom: 0px !important;padding-left: 0px !important;}&#8220; icon_size=&#8220;24&#8243; box_text_color=&#8220;#888888&#8243; box_text_color_hover=&#8220;#6e6e6e&#8220; line_height=&#8220;20&#8243;]</p>
<p id="m_-8289786322076436178tw-target-text" dir="ltr"><span lang="de">Bei Bedarf besteht die Möglichkeit, Ausrüstung für Kinder auszuleihen (Sitze)</span></p>
<p style="line-height: 20px;"><strong> </strong></p>
<p>[/stm_icon_box][/vc_column_inner][vc_column_inner width=&#8220;1/3&#8243;][stm_icon_box title_holder=&#8220;h4&#8243; icon=&#8220;stm-icon-calendar&#8220; title=&#8220;Langzeitmiete&#8220; icon_bg_color=&#8220;#4a6982&#8243; icon_color=&#8220;#ffffff&#8220; box_bg_color=&#8220;#ffffff&#8220; css=&#8220;.vc_custom_1664698658087{padding-top: 0px !important;padding-right: 0px !important;padding-bottom: 0px !important;padding-left: 0px !important;}&#8220; icon_size=&#8220;24&#8243; box_text_color=&#8220;#888888&#8243; box_text_color_hover=&#8220;#6e6e6e&#8220; line_height=&#8220;20&#8243;]</p>
<p id="m_-8289786322076436178tw-target-text" dir="ltr"><strong><span lang="de">Langzeit mieten bedeutet, ein gemietetes Fahrzeug länger als 30 Tage zu nutzen – mehrere Monate oder Jahre. Sonderkonditionen bei Langzeitmiete.</span></strong></p>
<p>[/stm_icon_box][stm_icon_box title_holder=&#8220;h4&#8243; icon=&#8220;stm-icon-transmission&#8220; title=&#8220;Schalt-/Automatikgetriebe&#8220; icon_bg_color=&#8220;#4a6982&#8243; icon_color=&#8220;#ffffff&#8220; box_bg_color=&#8220;#ffffff&#8220; css=&#8220;.vc_custom_1664698671740{padding-top: 0px !important;padding-right: 0px !important;padding-bottom: 0px !important;padding-left: 0px !important;}&#8220; icon_size=&#8220;24&#8243; box_text_color=&#8220;#888888&#8243; box_text_color_hover=&#8220;#6e6e6e&#8220; line_height=&#8220;20&#8243;]</p>
<p id="m_-8289786322076436178tw-target-text" dir="ltr"><span lang="de">Autos haben je nach Fahrzeugkategorie ein Schalt- oder Automatikgetriebe.</span></p>
<p>[/stm_icon_box][/vc_column_inner][vc_column_inner width=&#8220;1/3&#8243;][stm_icon_box title_holder=&#8220;h4&#8243; icon=&#8220;stm-icon-steering_wheel&#8220; title=&#8220;Fahrer &#8211; Transfer&#8220; icon_bg_color=&#8220;#4a6982&#8243; icon_color=&#8220;#ffffff&#8220; box_bg_color=&#8220;#ffffff&#8220; css=&#8220;.vc_custom_1664698683662{padding-top: 0px !important;padding-right: 0px !important;padding-bottom: 0px !important;padding-left: 0px !important;}&#8220; icon_size=&#8220;24&#8243; box_text_color=&#8220;#888888&#8243; box_text_color_hover=&#8220;#6e6e6e&#8220; line_height=&#8220;20&#8243;]</p>
<p id="m_-8289786322076436178tw-target-text" dir="ltr"><strong><span lang="de">Wir bieten: Transfers vom und zum Flughafen sowie zu jedem Ort in BiH.</span></strong></p>
<p>[/stm_icon_box][stm_icon_box title_holder=&#8220;h4&#8243; icon=&#8220;stm-icon-ico_mag_reviews&#8220; title=&#8220;7 Tage die Woche Unterstützung&#8220; icon_bg_color=&#8220;#4a6982&#8243; icon_color=&#8220;#ffffff&#8220; box_bg_color=&#8220;#ffffff&#8220; css=&#8220;.vc_custom_1664698695376{padding-top: 0px !important;padding-right: 0px !important;padding-bottom: 0px !important;padding-left: 0px !important;}&#8220; icon_size=&#8220;24&#8243; box_text_color=&#8220;#888888&#8243; box_text_color_hover=&#8220;#6e6e6e&#8220; line_height=&#8220;20&#8243;]</p>
<p id="m_-8289786322076436178tw-target-text" dir="ltr"><span lang="de">Wir stehen Ihnen täglich für alle Ihre Fragen zur Verfügung.</span></p>
<p>[/stm_icon_box][/vc_column_inner][/vc_row_inner][/vc_column][/vc_row][vc_row full_width=&#8220;stretch_row&#8220; equal_height=&#8220;yes&#8220; css=&#8220;.vc_custom_1664698884186{background-color: #4a6982 !important;}&#8220;][vc_column width=&#8220;1/2&#8243; css=&#8220;.vc_custom_1484197311087{padding-top: 51px !important;padding-bottom: 77px !important;}&#8220;][vc_custom_heading text=&#8220;Wir sind für Sie da&#8220; font_container=&#8220;tag:h3|font_size:30px|text_align:left|color:%23ffffff|line_height:30px&#8220; use_theme_fonts=&#8220;yes&#8220; css=&#8220;.vc_custom_1632854352190{margin-bottom: 38px !important;}&#8220;][vc_column_text css=&#8220;.vc_custom_1754601190602{margin-bottom: 31px !important;}&#8220;]<span style="color: #ffffff; font-size: 14px; line-height: 24px; letter-spacing: 0.5px;">Alle Fahrzeuge sind mit Klimaanlage, Radio-CD-Player, Airbag und ABS ausgestattet. Bei Anmietung über einen längeren Zeitraum oder mehrere Fahrzeuge bieten wir besondere Vorteile.<br />
</span>[/vc_column_text][stm_icon_button icon=&#8220;stm-icon-ico_mag_reviews&#8220; box_bg_color=&#8220;#f0c540&#8243; box_text_color=&#8220;#ffffff&#8220; link=&#8220;url:https%3A%2F%2Fbanjaluka-rentacar.com%2Fabout-us%2F|title:%C3%9Cber%20uns||&#8220;][/vc_column][/vc_row][vc_row el_class=&#8220;stm-fullwidth-with-parallax&#8220; css=&#8220;.vc_custom_1664698844437{padding-bottom: 51px !important;}&#8220;][vc_column][vc_custom_heading text=&#8220;Einige unserer Fahrzeuge&#8220; font_container=&#8220;tag:h2|font_size:30px|text_align:center|color:%23ffffff|line_height:50px&#8220; use_theme_fonts=&#8220;yes&#8220; css=&#8220;.vc_custom_1632868419403{margin-top: 68px !important;margin-bottom: 51px !important;}&#8220;][stm_car_class_grid posts_per_page=&#8220;6&#8243;][/vc_column][/vc_row][vc_row full_width=&#8220;stretch_row&#8220; css=&#8220;.vc_custom_1664698987310{background-color: #f0c540 !important;}&#8220;][vc_column][stm_call_to_action_2 cta_icon=&#8220;stm-icon-author&#8220; call_to_action_icon_right=&#8220;stm-icon-phone2&#8243; call_to_action_color=&#8220;#f0c540&#8243; call_to_action_text_color=&#8220;#273f44&#8243; call_to_action_label_right=&#8220;+387 65 888 787&#8243; css=&#8220;.vc_custom_1754644988955{padding-right: 0px !important;padding-left: 0px !important;}&#8220; link=&#8220;url:https%3A%2F%2Fbanjaluka-rentacar.com%2Fcontact-us%2F|title:Schreiben%20Sie%20uns||&#8220; call_to_action_label=&#8220;KONTAKTIEREN SIE UNS &#8230;&#8220;][/vc_column][/vc_row][vc_row full_width=&#8220;stretch_row_content_no_spaces&#8220;][vc_column][vc_raw_html]JTNDaWZyYW1lJTIwc3JjJTNEJTIyaHR0cHMlM0ElMkYlMkZ3d3cuZ29vZ2xlLmNvbSUyRm1hcHMlMkZlbWJlZCUzRnBiJTNEJTIxMW0xOCUyMTFtMTIlMjExbTMlMjExZDI4MzIuNzQ2MTA1NzUzNTA3JTIxMmQxNy4xODAzOTc5MTU0ODU3OSUyMTNkNDQuNzY1NTkyNDc5MDk4OTg0JTIxMm0zJTIxMWYwJTIxMmYwJTIxM2YwJTIxM20yJTIxMWkxMDI0JTIxMmk3NjglMjE0ZjEzLjElMjEzbTMlMjExbTIlMjExczB4NDc1ZTAzMjFhNDNhODFmMSUyNTNBMHhmNDMwNjhlOTkyMzYzYmE3JTIxMnowSnJSZ05DdzBablFzQ0RRbmRDNDBMclF2dEM3MExVZ01USXNJTkNSMExEUm10Q3dJTkNiMFlQUXV0Q3dJRGM0TURBd0xDRFFrZEMtMFlIUXZkQ3dJTkM0SU5DbDBMWFJnTkdHMExYUXM5Qy0wTExRdU5DOTBMQSUyMTVlMCUyMTNtMiUyMTFzc3IlMjEyc2ZyJTIxNHYxNjMyNDA1MDEzMjMxJTIxNW0yJTIxMXNzciUyMTJzZnIlMjIlMjB3aWR0aCUzRCUyMjEwMCUyNSUyMiUyMGhlaWdodCUzRCUyMjQ1MCUyMiUyMHN0eWxlJTNEJTIyYm9yZGVyJTNBMCUzQiUyMiUyMGFsbG93ZnVsbHNjcmVlbiUzRCUyMiUyMiUyMGxvYWRpbmclM0QlMjJsYXp5JTIyJTNFJTNDJTJGaWZyYW1lJTNF[/vc_raw_html][/vc_column][/vc_row]</p>

<p>[vc_row full_width=&#8220;stretch_row&#8220; css_animation=&#8220;flipInY&#8220; css=&#8220;.vc_custom_1676409585772{padding-top: 36px !important;padding-bottom: 36px !important;background: #e5e5e5 url(https://banjaluka-rentacar.com/wp-content/uploads/2023/02/transport_exchange-driving-license.jpg?id=1419) !important;background-position: center !important;background-repeat: no-repeat !important;background-size: cover !important;}&#8220; el_class=&#8220;stm-background-centered&#8220;][vc_column width=&#8220;1/2&#8243;][/vc_column][vc_column width=&#8220;1/2&#8243;][stm_rent_car_form][/vc_column][/vc_row][vc_row css=&#8220;.vc_custom_1484196732635{margin-bottom: 47px !important;}&#8220;][vc_column][vc_custom_heading text=&#8220;WARUM UNS WÄHLEN?&#8220; font_container=&#8220;tag:h2|font_size:30px|text_align:center|color:%23273f44|line_height:50px&#8220; use_theme_fonts=&#8220;yes&#8220; css=&#8220;.vc_custom_1632844262089{margin-bottom: 53px !important;}&#8220;][vc_row_inner][vc_column_inner width=&#8220;1/3&#8243;][stm_icon_box title_holder=&#8220;h4&#8243; icon=&#8220;stm-icon-car-relic&#8220; title=&#8220;Autovermietungen&#8220; icon_bg_color=&#8220;#4a6982&#8243; icon_color=&#8220;#ffffff&#8220; box_bg_color=&#8220;#ffffff&#8220; css=&#8220;.vc_custom_1664698631411{padding-top: 0px !important;padding-right: 0px !important;padding-bottom: 0px !important;padding-left: 0px !important;}&#8220; icon_size=&#8220;24&#8243; box_text_color=&#8220;#888888&#8243; box_text_color_hover=&#8220;#6e6e6e&#8220; line_height=&#8220;20&#8243;] Das bedeutet, ein Fahrzeug&#8230;</p>
